{"id":647,"date":"2017-09-08T15:47:47","date_gmt":"2017-09-08T13:47:47","guid":{"rendered":"http:\/\/c-con.org\/?page_id=647"},"modified":"2026-03-27T14:45:07","modified_gmt":"2026-03-27T13:45:07","slug":"basaltgewebe","status":"publish","type":"page","link":"https:\/\/c-con.org\/?page_id=647","title":{"rendered":"Basaltgewebe"},"content":{"rendered":"\n\t<section class=\"section\" id=\"section_2115661660\">\n\t\t<div class=\"bg section-bg fill bg-fill  bg-loaded\" >\n\n\t\t\t\n\t\t\t\n\t\t\t\n\t<div class=\"is-border\"\n\t\tstyle=\"border-width:0px 0px 0px 1300px;\">\n\t<\/div>\n\n\t\t<\/div><!-- .section-bg -->\n\n\t\t<div class=\"section-content relative\">\n\t\t\t\n\n<div class=\"row\"  id=\"row-390069389\">\n\n<div class=\"col medium-1 small-12 large-1\"  ><div class=\"col-inner\"  >\n\n\n<\/div><\/div>\n<div class=\"col medium-10 small-12 large-10\"  ><div class=\"col-inner\"  >\n\n<p><span style=\"font-size: 110%; color: #000000;\"><strong>Armierungen<\/strong> als Gittergewebe eignen sich hervorragend zur Sanierung. Die Ondulation im neu entwickelten Webverfahren garantiert eine hohe Zugfestigkeit des Materials und die Korrosionsbest\u00e4ndigkeit macht eine wesentlich geringere Beton\u00fcberdeckung m\u00f6glich. Daher sind diese gewebten Gitter ideal f\u00fcr innovative und kosteng\u00fcnstige L\u00f6sungen. Da Kett-und Schussst\u00e4be vor dem Verweben im Pultrusionsprozess verharzt und somit gesch\u00fctzt werden, besteht eine Alkalibst\u00e4ndigkeit auch an den Verkreuzungspunkten.<\/span><\/p>\n\n<\/div><\/div>\n\n<\/div>\n<div class=\"slider-wrapper relative\" id=\"slider-88792166\" >\n    <div class=\"slider slider-nav-circle slider-nav-large slider-nav-light slider-style-shadow\"\n        data-flickity-options='{\n            \"cellAlign\": \"center\",\n            \"imagesLoaded\": true,\n            \"lazyLoad\": 1,\n            \"freeScroll\": false,\n            \"wrapAround\": true,\n            \"autoPlay\": 6000,\n            \"pauseAutoPlayOnHover\" : true,\n            \"prevNextButtons\": true,\n            \"contain\" : true,\n            \"adaptiveHeight\" : true,\n            \"dragThreshold\" : 10,\n            \"percentPosition\": true,\n            \"pageDots\": true,\n            \"rightToLeft\": false,\n            \"draggable\": true,\n            \"selectedAttraction\": 0.1,\n            \"parallax\" : 0,\n            \"friction\": 0.6        }'\n        >\n        \n\n\t<div class=\"img has-hover x md-x lg-x y md-y lg-y\" id=\"image_1819769822\">\n\t\t\t\t\t\t\t\t<div class=\"img-inner dark\" >\n\t\t\t<img loading=\"lazy\" decoding=\"async\" width=\"1020\" height=\"765\" src=\"https:\/\/c-con.org\/wp-content\/uploads\/2017\/09\/Rockmat-1-1-3-1024x768.jpg\" class=\"attachment-large size-large\" alt=\"\" srcset=\"https:\/\/c-con.org\/wp-content\/uploads\/2017\/09\/Rockmat-1-1-3-1024x768.jpg 1024w, https:\/\/c-con.org\/wp-content\/uploads\/2017\/09\/Rockmat-1-1-3-300x225.jpg 300w, https:\/\/c-con.org\/wp-content\/uploads\/2017\/09\/Rockmat-1-1-3-768x576.jpg 768w\" sizes=\"auto, (max-width: 1020px) 100vw, 1020px\" \/>\t\t\t\t\t\t\n\t\t\t\t\t<\/div>\n\t\t\t\t\t\t\t\t\n<style scope=\"scope\">\n\n#image_1819769822 {\n  width: 100%;\n}\n<\/style>\n\t<\/div>\n\t\n\n\t<div class=\"img has-hover x md-x lg-x y md-y lg-y\" id=\"image_391315874\">\n\t\t\t\t\t\t\t\t<div class=\"img-inner dark\" >\n\t\t\t<img loading=\"lazy\" decoding=\"async\" width=\"640\" height=\"480\" src=\"https:\/\/c-con.org\/wp-content\/uploads\/2026\/03\/C-Con_Grafik-4.jpg\" class=\"attachment-large size-large\" alt=\"\" srcset=\"https:\/\/c-con.org\/wp-content\/uploads\/2026\/03\/C-Con_Grafik-4.jpg 640w, https:\/\/c-con.org\/wp-content\/uploads\/2026\/03\/C-Con_Grafik-4-300x225.jpg 300w\" sizes=\"auto, (max-width: 640px) 100vw, 640px\" \/>\t\t\t\t\t\t\n\t\t\t\t\t<\/div>\n\t\t\t\t\t\t\t\t\n<style scope=\"scope\">\n\n#image_391315874 {\n  width: 100%;\n}\n<\/style>\n\t<\/div>\n\t\n\n\t<div class=\"img has-hover x md-x lg-x y md-y lg-y\" id=\"image_1498643133\">\n\t\t\t\t\t\t\t\t<div class=\"img-inner dark\" >\n\t\t\t<img loading=\"lazy\" decoding=\"async\" width=\"1020\" height=\"765\" src=\"https:\/\/c-con.org\/wp-content\/uploads\/2025\/01\/SAM_0963-1024x768.jpeg\" class=\"attachment-large size-large\" alt=\"\" srcset=\"https:\/\/c-con.org\/wp-content\/uploads\/2025\/01\/SAM_0963-1024x768.jpeg 1024w, https:\/\/c-con.org\/wp-content\/uploads\/2025\/01\/SAM_0963-300x225.jpeg 300w, https:\/\/c-con.org\/wp-content\/uploads\/2025\/01\/SAM_0963-768x576.jpeg 768w\" sizes=\"auto, (max-width: 1020px) 100vw, 1020px\" \/>\t\t\t\t\t\t\n\t\t\t\t\t<\/div>\n\t\t\t\t\t\t\t\t\n<style scope=\"scope\">\n\n#image_1498643133 {\n  width: 100%;\n}\n<\/style>\n\t<\/div>\n\t\n\n\n     <\/div>\n\n     <div class=\"loading-spin dark large centered\"><\/div>\n\n     <style scope=\"scope\">\n                    #slider-88792166 .flickity-slider > *{ max-width: 800px!important;\n              <\/style>\n<\/div><!-- .ux-slider-wrapper -->\n\n\n\n\t\t<\/div><!-- .section-content -->\n\n\t\t\n<style scope=\"scope\">\n\n#section_2115661660 {\n  padding-top: 30px;\n  padding-bottom: 30px;\n}\n<\/style>\n\t<\/section>\n\t\n\n","protected":false},"excerpt":{"rendered":"","protected":false},"author":2,"featured_media":0,"parent":0,"menu_order":0,"comment_status":"closed","ping_status":"closed","template":"page-blank.php","meta":{"footnotes":""},"class_list":["post-647","page","type-page","status-publish","hentry"],"_links":{"self":[{"href":"https:\/\/c-con.org\/index.php?rest_route=\/wp\/v2\/pages\/647","targetHints":{"allow":["GET"]}}],"collection":[{"href":"https:\/\/c-con.org\/index.php?rest_route=\/wp\/v2\/pages"}],"about":[{"href":"https:\/\/c-con.org\/index.php?rest_route=\/wp\/v2\/types\/page"}],"author":[{"embeddable":true,"href":"https:\/\/c-con.org\/index.php?rest_route=\/wp\/v2\/users\/2"}],"replies":[{"embeddable":true,"href":"https:\/\/c-con.org\/index.php?rest_route=%2Fwp%2Fv2%2Fcomments&post=647"}],"version-history":[{"count":26,"href":"https:\/\/c-con.org\/index.php?rest_route=\/wp\/v2\/pages\/647\/revisions"}],"predecessor-version":[{"id":866,"href":"https:\/\/c-con.org\/index.php?rest_route=\/wp\/v2\/pages\/647\/revisions\/866"}],"wp:attachment":[{"href":"https:\/\/c-con.org\/index.php?rest_route=%2Fwp%2Fv2%2Fmedia&parent=647"}],"curies":[{"name":"wp","href":"https:\/\/api.w.org\/{rel}","templated":true}]}}