{"id":519,"date":"2017-06-20T21:18:05","date_gmt":"2017-06-20T19:18:05","guid":{"rendered":"http:\/\/c-con.org\/?page_id=519"},"modified":"2026-03-27T14:33:43","modified_gmt":"2026-03-27T13:33:43","slug":"traganker","status":"publish","type":"page","link":"https:\/\/c-con.org\/?page_id=519","title":{"rendered":"Traganker"},"content":{"rendered":"\n<div class=\"row\"  id=\"row-1750173830\">\n\n<div class=\"col medium-10 small-12 large-10\"  ><div class=\"col-inner\"  >\n\n<p>\u00a0<\/p>\n<p><span style=\"font-size: 115%; color: #282828;\"><strong>Traganker<\/strong> bestehend aus einem Basaltrebar mit aufgepresster und geklebter metallischer Gewindeh\u00fclse sind eine innovative L\u00f6sung um hochfeste Befestigungen ohne die bekannten Nachteile von Stahl zu realisieren.<br \/><\/span><span style=\"font-size: 115%; color: #282828;\">Traganker aus Basaltfaserverbund eignen sich aufgrund ihrer Materialeigenschaften ideal f\u00fcr Befestigungen in Beton oder Mauerwerk.<br \/><\/span><span style=\"font-size: 115%; color: #282828;\">Der zum Patent angemeldete Traganker weist eine mehr als dreimal h\u00f6here Zugfestigkeit als Stahl auf. F\u00fcr hochkorrosive Umgebungen setzen wir spezielle Gewindeh\u00fclsen aus Edelstahl ein. Die Verankerung ist zudem w\u00e4rmebr\u00fcckenfrei. Das System Basaltfaserverbundstab mit metallischer Gewindeh\u00fclse kann auch f\u00fcr Spannst\u00e4be in Spannbetonkonstruktionen eingesetzt werden<\/span><\/p>\n\n<\/div><\/div>\n\n<\/div>\n<div class=\"row\"  id=\"row-1490618021\">\n\n<div class=\"col medium-6 small-12 large-6\"  ><div class=\"col-inner\"  >\n\n\t<div class=\"img has-hover x md-x lg-x y md-y lg-y\" id=\"image_1059717803\">\n\t\t\t\t\t\t\t\t<div class=\"img-inner dark\" >\n\t\t\t<img loading=\"lazy\" decoding=\"async\" width=\"640\" height=\"425\" src=\"https:\/\/c-con.org\/wp-content\/uploads\/2026\/03\/C-Con_Grafik-1.jpg\" class=\"attachment-large size-large\" alt=\"\" srcset=\"https:\/\/c-con.org\/wp-content\/uploads\/2026\/03\/C-Con_Grafik-1.jpg 640w, https:\/\/c-con.org\/wp-content\/uploads\/2026\/03\/C-Con_Grafik-1-300x199.jpg 300w\" sizes=\"auto, (max-width: 640px) 100vw, 640px\" \/>\t\t\t\t\t\t\n\t\t\t\t\t<\/div>\n\t\t\t\t\t\t\t\t\n<style scope=\"scope\">\n\n#image_1059717803 {\n  width: 69%;\n}\n<\/style>\n\t<\/div>\n\t\n\n\n<\/div><\/div>\n<div class=\"col medium-6 small-12 large-6\"  ><div class=\"col-inner\"  >\n\n\t<div class=\"img has-hover x md-x lg-x y md-y lg-y\" id=\"image_32393811\">\n\t\t\t\t\t\t\t\t<div class=\"img-inner dark\" >\n\t\t\t<img loading=\"lazy\" decoding=\"async\" width=\"640\" height=\"422\" src=\"https:\/\/c-con.org\/wp-content\/uploads\/2026\/03\/C-Con_Grafik-3.jpg\" class=\"attachment-large size-large\" alt=\"\" srcset=\"https:\/\/c-con.org\/wp-content\/uploads\/2026\/03\/C-Con_Grafik-3.jpg 640w, https:\/\/c-con.org\/wp-content\/uploads\/2026\/03\/C-Con_Grafik-3-300x198.jpg 300w\" sizes=\"auto, (max-width: 640px) 100vw, 640px\" \/>\t\t\t\t\t\t\n\t\t\t\t\t<\/div>\n\t\t\t\t\t\t\t\t\n<style scope=\"scope\">\n\n#image_32393811 {\n  width: 69%;\n}\n<\/style>\n\t<\/div>\n\t\n\n\n<\/div><\/div>\n\n<\/div>\n\n\n\n<p><\/p>\n","protected":false},"excerpt":{"rendered":"","protected":false},"author":2,"featured_media":0,"parent":0,"menu_order":0,"comment_status":"closed","ping_status":"closed","template":"page-blank.php","meta":{"footnotes":""},"class_list":["post-519","page","type-page","status-publish","hentry"],"_links":{"self":[{"href":"https:\/\/c-con.org\/index.php?rest_route=\/wp\/v2\/pages\/519","targetHints":{"allow":["GET"]}}],"collection":[{"href":"https:\/\/c-con.org\/index.php?rest_route=\/wp\/v2\/pages"}],"about":[{"href":"https:\/\/c-con.org\/index.php?rest_route=\/wp\/v2\/types\/page"}],"author":[{"embeddable":true,"href":"https:\/\/c-con.org\/index.php?rest_route=\/wp\/v2\/users\/2"}],"replies":[{"embeddable":true,"href":"https:\/\/c-con.org\/index.php?rest_route=%2Fwp%2Fv2%2Fcomments&post=519"}],"version-history":[{"count":36,"href":"https:\/\/c-con.org\/index.php?rest_route=\/wp\/v2\/pages\/519\/revisions"}],"predecessor-version":[{"id":863,"href":"https:\/\/c-con.org\/index.php?rest_route=\/wp\/v2\/pages\/519\/revisions\/863"}],"wp:attachment":[{"href":"https:\/\/c-con.org\/index.php?rest_route=%2Fwp%2Fv2%2Fmedia&parent=519"}],"curies":[{"name":"wp","href":"https:\/\/api.w.org\/{rel}","templated":true}]}}